{"id":8978,"date":"2023-12-01T13:58:10","date_gmt":"2023-12-01T18:58:10","guid":{"rendered":"https:\/\/testsm.site\/metapraxisprueba\/?page_id=8978"},"modified":"2023-12-01T14:14:03","modified_gmt":"2023-12-01T19:14:03","slug":"open-training-2","status":"publish","type":"page","link":"https:\/\/testsm.site\/metapraxisprueba\/open-training-2\/","title":{"rendered":"Open Training"},"content":{"rendered":"\t\t<div data-elementor-type=\"wp-page\" data-elementor-id=\"8978\" class=\"elementor elementor-8978\">\n\t\t\t\t\t\t\t<div class=\"elementor-element elementor-element-79940b2 e-flex e-con-boxed e-con e-parent\" data-id=\"79940b2\" data-element_type=\"container\" data-settings=\"{&quot;content_width&quot;:&quot;boxed&quot;}\" data-core-v316-plus=\"true\">\n\t\t\t\t\t<div class=\"e-con-inner\">\n\t\t\t\t<div class=\"elementor-element elementor-element-274c9df elementor-widget elementor-widget-spacer\" data-id=\"274c9df\" data-element_type=\"widget\" data-widget_type=\"spacer.default\">\n\t\t\t\t<div class=\"elementor-widget-container\">\n\t\t\t<style>\/*! elementor - v3.17.0 - 08-11-2023 *\/\n.elementor-column .elementor-spacer-inner{height:var(--spacer-size)}.e-con{--container-widget-width:100%}.e-con-inner>.elementor-widget-spacer,.e-con>.elementor-widget-spacer{width:var(--container-widget-width,var(--spacer-size));--align-self:var(--container-widget-align-self,initial);--flex-shrink:0}.e-con-inner>.elementor-widget-spacer>.elementor-widget-container,.e-con>.elementor-widget-spacer>.elementor-widget-container{height:100%;width:100%}.e-con-inner>.elementor-widget-spacer>.elementor-widget-container>.elementor-spacer,.e-con>.elementor-widget-spacer>.elementor-widget-container>.elementor-spacer{height:100%}.e-con-inner>.elementor-widget-spacer>.elementor-widget-container>.elementor-spacer>.elementor-spacer-inner,.e-con>.elementor-widget-spacer>.elementor-widget-container>.elementor-spacer>.elementor-spacer-inner{height:var(--container-widget-height,var(--spacer-size))}.e-con-inner>.elementor-widget-spacer.elementor-widget-empty,.e-con>.elementor-widget-spacer.elementor-widget-empty{position:relative;min-height:22px;min-width:22px}.e-con-inner>.elementor-widget-spacer.elementor-widget-empty .elementor-widget-empty-icon,.e-con>.elementor-widget-spacer.elementor-widget-empty .elementor-widget-empty-icon{position:absolute;top:0;bottom:0;left:0;right:0;margin:auto;padding:0;width:22px;height:22px}<\/style>\t\t<div class=\"elementor-spacer\">\n\t\t\t<div class=\"elementor-spacer-inner\"><\/div>\n\t\t<\/div>\n\t\t\t\t<\/div>\n\t\t\t\t<\/div>\n\t\t\t\t<div class=\"elementor-element elementor-element-d2ab801 elementor-widget elementor-widget-text-editor\" data-id=\"d2ab801\" data-element_type=\"widget\" data-widget_type=\"text-editor.default\">\n\t\t\t\t<div class=\"elementor-widget-container\">\n\t\t\t<style>\/*! elementor - v3.17.0 - 08-11-2023 *\/\n.elementor-widget-text-editor.elementor-drop-cap-view-stacked .elementor-drop-cap{background-color:#69727d;color:#fff}.elementor-widget-text-editor.elementor-drop-cap-view-framed .elementor-drop-cap{color:#69727d;border:3px solid;background-color:transparent}.elementor-widget-text-editor:not(.elementor-drop-cap-view-default) .elementor-drop-cap{margin-top:8px}.elementor-widget-text-editor:not(.elementor-drop-cap-view-default) .elementor-drop-cap-letter{width:1em;height:1em}.elementor-widget-text-editor .elementor-drop-cap{float:left;text-align:center;line-height:1;font-size:50px}.elementor-widget-text-editor .elementor-drop-cap-letter{display:inline-block}<\/style>\t\t\t\t<p>Nuestros servicios de Formaci\u00f3n y Capacitaci\u00f3n se encuentran enfocados a atender las necesidades espec\u00edficas de las empresas y para ello se divide en tres modalidades donde se abordan varias \u00e1reas de desarrollo:<\/p>\t\t\t\t\t\t<\/div>\n\t\t\t\t<\/div>\n\t\t\t\t\t<\/div>\n\t\t\t\t<\/div>\n\t\t        <section class=\"elementor-section elementor-top-section elementor-element elementor-element-40fd8216 elementor-section-boxed elementor-section-height-default elementor-section-height-default ct-header-fixed-none ct-row-max-none\" data-id=\"40fd8216\" data-element_type=\"section\">\n            \n                        <div class=\"elementor-container elementor-column-gap-extended \">\n                    <div class=\"elementor-column elementor-col-50 elementor-top-column elementor-element elementor-element-2a114ffb\" data-id=\"2a114ffb\" data-element_type=\"column\">\n            <div class=\"elementor-widget-wrap elementor-element-populated\">\n                        \t\t<div class=\"elementor-element elementor-element-e7c34af elementor-widget elementor-widget-ct_heading\" data-id=\"e7c34af\" data-element_type=\"widget\" data-widget_type=\"ct_heading.default\">\n\t\t\t\t<div class=\"elementor-widget-container\">\n\t\t\t<div id=\"ct_heading-e7c34af\" class=\"ct-heading h-align- sub-style1 ct-heading-left item-st-default\">\r\n\t<div class=\"ct-item--inner\">\r\n        <div class=\"ct-inline-css\"  data-css=\"\r\n            \">\r\n        <\/div>\r\n            \t\t<div class=\"item--sub-title style1 show-line\">\r\n                                                Ampl\u00eda tus Horizontes Profesionales con Aprendizaje Compartido.                                                            <\/div>\r\n    \t        <h3 class=\"item--title st-default wow wow fadeInUp\" data-wow-delay=\"ms\">\r\n                        <span class=\"sp-main\">\r\n                \r\n                Modalidad &#8220;OPEN Training&#8221; \r\n                \r\n                            <\/span>\r\n                    <\/h3>\r\n    <\/div>\r\n<\/div>\t\t<\/div>\n\t\t\t\t<\/div>\n\t\t\t\t<div class=\"elementor-element elementor-element-10df5e6a wow fadeInUp elementor-widget elementor-widget-text-editor\" data-id=\"10df5e6a\" data-element_type=\"widget\" data-widget_type=\"text-editor.default\">\n\t\t\t\t<div class=\"elementor-widget-container\">\n\t\t\t\t\t\t\t<p>Ofrecemos una oportunidad \u00fanica de aprendizaje que trasciende los l\u00edmites de las organizaciones y re\u00fane a profesionales de diversas trayectorias en un entorno colaborativo y enriquecedor.<\/p><p>En nuestros cursos &#8216;OPEN Training&#8217;, creemos en la riqueza del intercambio de conocimientos y experiencias. Nuestros docentes expertos en sus campos, guiar\u00e1n las sesiones con entusiasmo y experiencia, asegurando que cada participante obtenga una comprensi\u00f3n profunda de los conceptos clave, cada curso ha sido cuidadosamente dise\u00f1ado para abordar temas de relevancia actual y futura en diversas industrias.<\/p><p>La ventaja de un curso en &#8216;OPEN Training&#8217; radica en la diversidad de perspectivas que se re\u00fanen; con profesionales de diferentes empresas y sectores, se fomenta un di\u00e1logo din\u00e1mico y enriquecedor que va m\u00e1s all\u00e1 de las barreras organizativas, aprovechando esta oportunidad, nuestros participantes podr\u00e1n establecer redes s\u00f3lidas, intercambiar ideas innovadoras y aprender no solo de los instructores, sino tambi\u00e9n de sus compa\u00f1eros de clase.<\/p><p>Si est\u00e1s buscando una experiencia de aprendizaje que te desaf\u00ede, te inspire y te conecte con profesionales apasionados al igual que t\u00fa, los cursos &#8216;OPEN Training&#8217; son la elecci\u00f3n perfecta. Prep\u00e1rate para una jornada de crecimiento personal y profesional que te llevar\u00e1 a nuevos horizontes y oportunidades.<\/p>\t\t\t\t\t\t<\/div>\n\t\t\t\t<\/div>\n\t\t            <\/div>\n        <\/div>\n                <div class=\"elementor-column elementor-col-50 elementor-top-column elementor-element elementor-element-431858c4\" data-id=\"431858c4\" data-element_type=\"column\">\n            <div class=\"elementor-widget-wrap elementor-element-populated\">\n                        \t\t<div class=\"elementor-element elementor-element-160cdc54 wow fadeInRight elementor-widget elementor-widget-image\" data-id=\"160cdc54\" data-element_type=\"widget\" data-widget_type=\"image.default\">\n\t\t\t\t<div class=\"elementor-widget-container\">\n\t\t\t<style>\/*! elementor - v3.17.0 - 08-11-2023 *\/\n.elementor-widget-image{text-align:center}.elementor-widget-image a{display:inline-block}.elementor-widget-image a img[src$=\".svg\"]{width:48px}.elementor-widget-image img{vertical-align:middle;display:inline-block}<\/style>\t\t\t\t\t\t\t\t\t\t\t\t<img fetchpriority=\"high\" decoding=\"async\" width=\"963\" height=\"723\" src=\"https:\/\/testsm.site\/metapraxisprueba\/wp-content\/uploads\/2021\/10\/h5-bg-column1.jpg\" class=\"attachment-full size-full wp-image-6331\" alt=\"\" srcset=\"https:\/\/testsm.site\/metapraxisprueba\/wp-content\/uploads\/2021\/10\/h5-bg-column1.jpg 963w, https:\/\/testsm.site\/metapraxisprueba\/wp-content\/uploads\/2021\/10\/h5-bg-column1-600x450.jpg 600w, https:\/\/testsm.site\/metapraxisprueba\/wp-content\/uploads\/2021\/10\/h5-bg-column1-300x225.jpg 300w, https:\/\/testsm.site\/metapraxisprueba\/wp-content\/uploads\/2021\/10\/h5-bg-column1-768x577.jpg 768w\" sizes=\"(max-width: 963px) 100vw, 963px\" \/>\t\t\t\t\t\t\t\t\t\t\t\t\t\t\t<\/div>\n\t\t\t\t<\/div>\n\t\t            <\/div>\n        <\/div>\n                            <\/div>\n        <\/section>\n        <div class=\"elementor-element elementor-element-5c86fc7 e-con-full e-flex e-con e-parent\" data-id=\"5c86fc7\" data-element_type=\"container\" data-settings=\"{&quot;content_width&quot;:&quot;full&quot;}\" data-core-v316-plus=\"true\">\n\t\t\t\t<div class=\"elementor-element elementor-element-2e718b0 elementor-widget elementor-widget-image\" data-id=\"2e718b0\" data-element_type=\"widget\" data-widget_type=\"image.default\">\n\t\t\t\t<div class=\"elementor-widget-container\">\n\t\t\t\t\t\t\t\t\t\t\t\t\t\t\t<img decoding=\"async\" width=\"1920\" height=\"253\" src=\"https:\/\/testsm.site\/metapraxisprueba\/wp-content\/uploads\/2023\/12\/fondo-blanco-1.png\" class=\"attachment-full size-full wp-image-8952\" alt=\"\" srcset=\"https:\/\/testsm.site\/metapraxisprueba\/wp-content\/uploads\/2023\/12\/fondo-blanco-1.png 1920w, https:\/\/testsm.site\/metapraxisprueba\/wp-content\/uploads\/2023\/12\/fondo-blanco-1-300x40.png 300w, https:\/\/testsm.site\/metapraxisprueba\/wp-content\/uploads\/2023\/12\/fondo-blanco-1-1024x135.png 1024w, https:\/\/testsm.site\/metapraxisprueba\/wp-content\/uploads\/2023\/12\/fondo-blanco-1-768x101.png 768w, https:\/\/testsm.site\/metapraxisprueba\/wp-content\/uploads\/2023\/12\/fondo-blanco-1-1536x202.png 1536w, https:\/\/testsm.site\/metapraxisprueba\/wp-content\/uploads\/2023\/12\/fondo-blanco-1-600x79.png 600w\" sizes=\"(max-width: 1920px) 100vw, 1920px\" \/>\t\t\t\t\t\t\t\t\t\t\t\t\t\t\t<\/div>\n\t\t\t\t<\/div>\n\t\t\t\t<\/div>\n\t\t\t\t\t\t\t<\/div>\n\t\t","protected":false},"excerpt":{"rendered":"<p>Nuestros servicios de Formaci\u00f3n y Capacitaci\u00f3n se encuentran enfocados a atender las necesidades espec\u00edficas de las empresas y para ello se divide en tres modalidades donde se abordan varias \u00e1reas de desarrollo: Ampl\u00eda tus Horizontes Profesionales con Aprendizaje Compartido. Modalidad &#8220;OPEN Training&#8221; Ofrecemos una oportunidad \u00fanica de aprendizaje que trasciende los l\u00edmites de las organizaciones [&hellip;]<\/p>\n","protected":false},"author":2,"featured_media":0,"parent":0,"menu_order":0,"comment_status":"closed","ping_status":"closed","template":"","meta":{"footnotes":""},"class_list":["post-8978","page","type-page","status-publish","hentry"],"_links":{"self":[{"href":"https:\/\/testsm.site\/metapraxisprueba\/wp-json\/wp\/v2\/pages\/8978","targetHints":{"allow":["GET"]}}],"collection":[{"href":"https:\/\/testsm.site\/metapraxisprueba\/wp-json\/wp\/v2\/pages"}],"about":[{"href":"https:\/\/testsm.site\/metapraxisprueba\/wp-json\/wp\/v2\/types\/page"}],"author":[{"embeddable":true,"href":"https:\/\/testsm.site\/metapraxisprueba\/wp-json\/wp\/v2\/users\/2"}],"replies":[{"embeddable":true,"href":"https:\/\/testsm.site\/metapraxisprueba\/wp-json\/wp\/v2\/comments?post=8978"}],"version-history":[{"count":21,"href":"https:\/\/testsm.site\/metapraxisprueba\/wp-json\/wp\/v2\/pages\/8978\/revisions"}],"predecessor-version":[{"id":9004,"href":"https:\/\/testsm.site\/metapraxisprueba\/wp-json\/wp\/v2\/pages\/8978\/revisions\/9004"}],"wp:attachment":[{"href":"https:\/\/testsm.site\/metapraxisprueba\/wp-json\/wp\/v2\/media?parent=8978"}],"curies":[{"name":"wp","href":"https:\/\/api.w.org\/{rel}","templated":true}]}}